86.
286
Calculate the remainder when 27161 is divided by 2462.
79
Calculate the remainder when 11693 is divided by 45.
38
Calculate the remainder when 5486 is divided by 13.
0
Calculate the remainder when 61804 is divided by 1545.
4
What is the remainder when 1964 is divided by 389?
19
Calculate the remainder when 3265 is divided by 410.
395
Calculate the remainder when 403284 is divided by 90.
84
Calculate the remainder when 155059 is divided by 78.
73
What is the remainder when 1349 is divided by 52?
49
Calculate the remainder when 2050 is divided by 880.
290
Calculate the remainder when 92754 is divided by 322.
18
What is the remainder when 21273 is divided by 14?
7
Calculate the remainder when 5390 is divided by 1346.
6
Calculate the remainder when 1791 is divided by 47.
5
Calculate the remainder when 15545 is divided by 2249.
2051
What is the remainder when 66361 is divided by 488?
481
Calculate the remainder when 71717 is divided by 5120.
37
What is the remainder when 2435 is divided by 1010?
415
Calculate the remainder when 696 is divided by 520.
176
What is the remainder when 108974 is divided by 58?
50
Calculate the remainder when 133801 is divided by 170.
11
What is the remainder when 112 is divided by 84?
28
Calculate the remainder when 67358 is divided by 67354.
4
What is the remainder when 5049 is divided by 1650?
99
Calculate the remainder when 118013 is divided by 90.
23
Calculate the remainder when 152845 is divided by 108.
25
Calculate the remainder when 2728 is divided by 279.
217
Calculate the remainder when 14438 is divided by 137.
53
Calculate the remainder when 1417 is divided by 678.
61
Calculate the remainder when 22083 is divided by 5516.
19
What is the remainder when 1331 is divided by 56?
43
What is the remainder when 8256 is divided by 2746?
18
Calculate the remainder when 5117 is divided by 2403.
311
Calculate the remainder when 2249 is divided by 2077.
172
Calculate the remainder when 21834 is divided by 1038.
36
What is the remainder when 1767 is divided by 40?
7
Calculate the remainder when 13933 is divided by 42.
31
Calculate the remainder when 25924 is divided by 162.
4
Calculate the remainder when 26464 is divided by 20.
4
What is the remainder when 2069274 is divided by 262?
260
What is the remainder when 5037 is divided by 464?
397
What is the remainder when 1414 is divided by 51?
37
What is the remainder when 43153 is divided by 411?
409
Calculate the remainder when 781 is divided by 284.
213
What is the remainder when 2690 is divided by 225?
215
Calculate the remainder when 16019 is divided by 1150.
1069
Calculate the remainder when 6297 is divided by 3087.
123
Calculate the remainder when 3752 is divided by 1476.
800
What is the remainder when 1637 is divided by 704?
229
Calculate the remainder when 4615 is divided by 2294.
27
What is the remainder when 418 is divided by 295?
123
Calculate the remainder when 6881 is divided by 457.
26
Calculate the remainder when 368001 is divided by 26.
23
Calculate the remainder when 1371 is divided by 85.
11
What is the remainder when 438 is divided by 298?
140
What is the remainder when 12953 is divided by 996?
5
Calculate the remainder when 175168 is divided by 87550.
68
What is the remainder when 1334945 is divided by 542?
541
Calculate the remainder when 13344 is divided by 1220.
1144
What is the remainder when 8467 is divided by 326?
317
What is the remainder when 254617 is divided by 20?
17
Calculate the remainder when 8549116 is divided by 1674.
1672
What is the remainder when 14413 is divided by 476?
133
Calculate the remainder when 1165 is divided by 208.
125
What is the remainder when 3629 is divided by 35?
24
Calculate the remainder when 942071 is divided by 12.
11
What is the remainder when 6533 is divided by 363?
362
Calculate the remainder when 14002 is divided by 1069.
105
What is the remainder when 570887 is divided by 36?
35
Calculate the remainder when 34104 is divided by 8524.
8
What is the remainder when 98837 is divided by 40?
37
What is the remainder when 2750 is divided by 462?
440
What is the remainder when 601282 is divided by 1481?
1477
What is the remainder when 11737 is divided by 979?
968
Calculate the remainder when 3468 is divided by 5.
3
Calculate the remainder when 207802 is divided by 29.
17
What is the remainder when 18735 is divided by 218?
205
Calculate the remainder when 4226 is divided by 114.
8
What is the remainder when 3937939 is divided by 47?
44
What is the remainder when 3608 is divided by 1795?
18
Calculate the remainder when 141357 is divided by 192.
45
Calculate the remainder when 183131 is divided by 16645.
36
Calculate the remainder when 103814 is divided by 4941.
53
Calculate the remainder when 184275 is divided by 18.
9
Calculate the remainder when 641152 is divided by 138.
4
What is the remainder when 348518 is divided by 225?
218
What is the remainder when 102086 is divided by 14?
12
Calculate the remainder when 2408 is divided by 186.
176
Calculate the remainder when 7053 is divided by 84.
81
What is the remainder when 33727 is divided by 124?
123
What is the remainder when 68892 is divided by 38?
36
What is the remainder when 1115 is divided by 35?
30
Calculate the remainder when 43251 is divided by 1880.
11
What is the remainder when 12598 is divided by 15?
13
What is the remainder when 879607 is divided by 86?
85
Calculate the remainder when 15375 is divided by 6784.
1807
What is the remainder when 3166 is divided by 390?
46
What is the remainder when 2455789 is divided by 237?
232
What is the remainder when 79180 is divided by 26392?
4
Calculate the remainder when 33904 is divided by 7.
3
Calculate the remainder when 9328 is divided by 158.
6
Calculate the remainder when 2632 is divided by 481.
227
What is the remainder when 44909 is divided by 436?
1
Calculate the remainder when 16074 is divided by 74.
16
Calculate the remainder when 9723 is divided by 346.
35
What is the remainder when 96749 is divided by 90?
89
Calculate the remainder when 1029 is divided by 41.
4
What is the remainder when 2615 is divided by 334?
277
Calculate the remainder when 971 is divided by 34.
19
What is the remainder when 368711 is divided by 85?
66
Calculate the remainder when 165 is divided by 38.
13
What is the remainder when 344491 is divided by 4?
3
Calculate the remainder when 1043 is divided by 516.
11
Calculate the remainder when 37466 is divided by 7492.
6
Calculate the remainder when 172620 is divided by 899.
12
Calculate the remainder when 79053 is divided by 3437.
2
Calculate the remainder when 7143431 is divided by 12.
11
What is the remainder when 2808 is divided by 794?
426
What is the remainder when 359213 is divided by 628?
625
What is the remainder when 1022449 is divided by 4?
1
Calculate the remainder when 5336 is divided by 198.
188
Calculate the remainder when 1886215 is divided by 42.
37
What is the remainder when 563872 is divided by 809?
808
Calculate the remainder when 20836 is divided by 10417.
2
What is the remainder when 174008 is divided by 1061?
4
What is the remainder when 34288 is divided by 3807?
25
What is the remainder when 20559 is divided by 411?
9
What is the remainder when 3636 is divided by 198?
72
What is the remainder when 1080183 is divided by 14?
13
Calculate the remainder when 2827 is divided by 422.
295
Calculate the remainder when 4096 is divided by 606.
460
What is the remainder when 14733 is divided by 53?
52
Calculate the remainder when 153263 is divided by 10.
3
Calculate the remainder when 981 is divided by 883.
98
What is the remainder when 2031 is divided by 495?
51
Calculate the remainder when 848173 is divided by 2186.
5
What is the remainder when 227681 is divided by 215?
211
Calculate the remainder when 9797 is divided by 21.
11
What is the remainder when 78766 is divided by 26253?
7
What is the remainder when 23500 is divided by 2332?
180
Calculate the remainder when 3487 is divided by 475.
162
Calculate the remainder when 11213 is divided by 3.
2
What is the remainder when 11730 is divided by 1464?
18
Calculate the remainder when 67385 is divided by 126.
101
Calculate the remainder when 174852 is divided by 302.
296
Calculate the remainder when 75986 is divided by 26